base 13, what is 4 + -340?
-339
In base 5, what is 314 - 1?
313
In base 9, what is -325 + -5?
-331
In base 3, what is 21 - -1101?
1122
In base 2, what is -1100100 - -110?
-1011110
In base 14, what is -2c + -8?
-36
In base 2, what is 11 + 1000011101?
1000100000
In base 9, what is 5 + -3412?
-3406
In base 8, what is 4 - 4321?
-4315
In base 8, what is -734 - 4?
-740
In base 2, what is -101 + 100100?
11111
In base 11, what is 4 + -33?
-2a
In base 14, what is 5 - d39?
-d34
In base 8, what is 425 - 4?
421
In base 10, what is 19 - -1124?
1143
In base 9, what is 1 + 273?
274
In base 2, what is -111 - -110111?
110000
In base 10, what is -1040 - 4?
-1044
In base 13, what is 2 + 22a?
22c
In base 3, what is 10 + 12211?
12221
In base 16, what is -67 + 4?
-63
In base 14, what is -2 - -47?
45
In base 11, what is -3 - -651?
649
In base 5, what is 34 + -41?
-2
In base 5, what is -10 - 140?
-200
In base 16, what is -3 + -13?
-16
In base 9, what is -6 + -72?
-78
In base 3, what is 201 + -122?
2
In base 11, what is 141 - -28?
169
In base 15, what is -4 - -1?
-3
In base 6, what is 5 - 55?
-50
In base 10, what is -1 + 89?
88
In base 10, what is 3337 + 1?
3338
In base 4, what is -23113 + 11?
-23102
In base 15, what is -38 - -1?
-37
In base 6, what is 3 + -23?
-20
In base 4, what is -201023 + -11?
-201100
In base 6, what is 3014 + 2?
3020
In base 4, what is -3 + -22132?
-22201
In base 7, what is 2 + 515?
520
In base 10, what is 4 + 1000?
1004
In base 7, what is -4 + -461?
-465
In base 13, what is -75 + 4?
-71
In base 10, what is 247 + -23?
224
In base 10, what is -94 + 4?
-90
In base 8, what is -27 - 5?
-34
In base 16, what is 310 - 1?
30f
In base 2, what is -101 + -100?
-1001
In base 16, what is 1b - 7?
14
In base 3, what is -2120 + -20?
-2210
In base 8, what is 13 + -56?
-43
In base 10, what is 283 - -23?
306
In base 10, what is -15 - 442?
-457
In base 12, what is 10a - -13?
121
In base 9, what is -1 - -4502?
4501
In base 6, what is 3 - -10142?
10145
In base 6, what is 0 - 5453?
-5453
In base 8, what is 1 + 245?
246
In base 4, what is -121 - 33?
-220
In base 5, what is 1 + 10332?
10333
In base 6, what is -2 - 23130?
-23132
In base 12, what is -1 + -19?
-1a
In base 10, what is -4 + 180?
176
In base 15, what is b - 24?
-18
In base 14, what is d4 - 1b?
b7
In base 5, what is -2133 - -3?
-2130
In base 16, what is -9 - ba?
-c3
In base 4, what is -3 + 2103?
2100
In base 14, what is 4 + 13?
17
In base 8, what is 411 - 3?
406
In base 12, what is -40a - -a?
-400
In base 13, what is 14c + -3?
149
In base 13, what is 6 - -2?
8
In base 5, what is 231 - 0?
231
In base 3, what is 211101 + -100?
211001
In base 16, what is -1bb + 1e?
-19d
In base 5, what is 203 - 10?
143
In base 3, what is -1211201 + 10?
-1211121
In base 13, what is 627 - 14?
613
In base 4, what is -120 - 10?
-130
In base 13, what is 7 - -10?
17
In base 13, what is -7 - -355?
34b
In base 5, what is 3430 + -1?
3424
In base 8, what is 63 + 0?
63
In base 10, what is 136 - 40?
96
In base 2, what is 0 + -1001011?
-1001011
In base 14, what is -167 - 2?
-169
In base 8, what is 0 - 43?
-43
In base 8, what is -241 - 5?
-246
In base 12, what is 563 + 5?
568
In base 8, what is 4 + -1521?
-1515
In base 6, what is -42 - -145?
103
In base 16, what is e + -49?
-3b
In base 5, what is 0 - -232?
232
In base 10, what is -14 - 655?
-669
In base 3, what is 12 - 21010000?
-21002211
In base 14, what is -3 + -6?
-9
In base 2, what is -11111100110 + -11?
-11111101001
In base 4, what is -1003302 + -1?
-1003303
In base 3, what is 22112 - -11?
22200
In base 5, what is 23 + 44?
122
In base 10, what is -10 - 0?
-10
In base 2, what is 1010 - 110010?
-101000
In base 10, what is 228 + -5?
223
In base 5, what is -2 - 32?
-34
In base 3, what is 1202022 + -10?
1202012
In base 16, what is 19 + -cd?
-b4
In base 8, what is -13 + -11?
-24
In base 8, what is -1027 + 4?
-1023
In base 11, what is -4 + 4a?
46
In base 10, what is 726 + -4?
722
In base 8, what is -1 + 264?
263
In base 3, what is 1 - -112?
120
In base 6, what is -13 + -154?
-211
In base 7, what is 6 + -462?
-453
In base 16, what is 3a - -3?
3d
In base 3, what is 201002 - 2?
201000
In base 2, what is -1010 - 10000000?
-10001010
In base 6, what is -503 + 13?
-450
In base 11, what is -180 + -2?
-182
In base 9, what is 168 - -7?
176
In base 10, what is 29 + -8?
21
In base 4, what is 0 + 1110102?
1110102
In base 8, what is 13 - 177?
-164
In base 15, what is 4 + -24a?
-246
In base 6, what is 5 - -431?
440
In base 11, what is -5 + 53?
49
In base 6, what is -400 + 3?
-353
In base 15, what is 4 + 4c?
51
In base 4, what is 0 - 2?
-2
In base 7, what is -10 + -1545?
-1555
In base 6, what is 20 - -24?
44
In base 7, what is 34 - -13?
50
In base 5, what is -1 - -212111?
212110
In base 10, what is 117 - 3?
114
In base 7, what is 22443 + 2?
22445
In base 4, what is -1331 - 211?
-2202
In base 12, what is -16 - 3?
-19
In base 6, what is -253 - 14?
-311
In base 9, what is 1 - -218?
220
In base 10, what is 5 - -32?
37
In base 5, what is 142 - -222?
414
In base 5, what is -22 + 0?
-22
In base 4, what is -102 + 1200?
1032
In base 16, what is -d - -1ca?
1bd
In base 6, what is 4 - -445?
453
In base 10, what is -305 + 19?
-286
In base 4, what is -30 - -2011?
1321
In base 10, what is -170 + 2?
-168
In base 2, what is -1010011000 + -101?
-1010011101
In base 5, what is -3 + 1432?
1424
In base 4, what is 3 - 103203?
-103200
In base 15, what is 0 - -64?
64
In base 4, what is 10 - 312?
-302
In base 13, what is 12 - -48?
5a
In base 14, what is -7 - ab?
-b4
In base 5, what is 240 + 133?
423
In base 13, what is -1 + 19?
18
In base 9, what is -33 + -228?
-262
In base 11, what is 14a + -1?
149
In base 10, what is 5 + 163?
168
In base 9, what is 87 - 87?
0
In base 16, what is 1 + 19a?
19b
In base 5, what is 12 + -24?
-12
In base 15, what is 26d - -4?
272
In base 10, what is 5 + 162?
167
In base 3, what is 20 + 1112?
1202
In base 15, what is 2be + 5?
2c4
In base 14, what is -a - -8?
-2
In base 2, what is 1100110010 - -1011?
1100111101
In base 3, what is 1010 - 112?
121
In base 16, what is -1929 - -2?
-1927
In base 15, what is 3cc - -4?
3d1
In base 7, what is -2 + -140?
-142
In base 6, what is -233 - 5?
-242
In base 12, what is 5 - 222?
-219
In base 12, what is 1 - -19?
1a
In base 4, what is -22 + -2033?
-2121
In base 9, what is 36 + -1?
35
In base 6, what is -10 - 4310?
-4320
In base 11, what is 8 - -6?
13
In base 16, what is 21b2 + -4?
21ae
In base 4, what is 10332 + 11?
11003
In base 14, what is -23 - -2?
-21
In base 4, what is 1310 - -10?
1320
In base 16, what is 1269 + 1?
126a
In base 7, what is 2 + 5116?
5121
In base 13, what is a9 + 11?
ba
In base 10, what is 9 - 2?
7
In base 4, what is 11 - 1022?
-1011
In base 11, what is -8 + 42?
35
In base 10, what is 75 + -4?
71
In base 5, what is -3440 - 4?
-3444
In base 15, what is 7 - -1246?
124d
In base 7, what is -111 + -34?
-145
In base 16, what is b7 + -6?
b1
In base 7, what is 21 + 61?
112
In base 2, what is 100 + -1010011?
-1001111
In base 3, what is 110 - 110?
0
In base 12, what is -6b - 1?
-70
In base 9, what is 1 - 185?
-184
In base 16, what is -3 + 0?
-3
In base 15, what is -5 + -5?
-a
In base 5, what is -111 - 13?
-124
In base 13, what is -3379 + -4?
-3380
In base 9, what is 0 + 385?
385
In base 10, what is -7 - 592?
-599
In base 14, what is -2 - -1973?
1971
In base 14, what is -24 + 1?
-23
In base 9, what is 6211 - 0?
6211
In base 2, what is 10000 + -10001?
-1
In base 11, what is 0 + -296a?
-296a
In base 4, what is 0 + -1310?
-1310
In base 3, what is 11 - 201002?
-200221
In base 2, what is 0 - 11101001?
-11101001
In base 11, what is -240a - -3?
-2407
In base 6, what is -13041 + 15?
-13022
In base 9, what is -11 + -15?
-26
In base 13, what is -3 + -1?
-4
In base 15, what is -11d - -7?
-116
In base 11, what is 1 + 3?
4
In base 4, what is 110302 + 3?
110311
In base 15, what is 30 - 2e?
1
In base 10, what is 30 + -264?
-234
In base 2, what is 110 - -10011?
11001
In base 16, what is 1b - 22?
-7
In base 15, what is 4e1 - 0?
4e1
In base 16, what is 1e65 + 4?
1e69
In base 7, what is 34 - 13?
21
In base 11, what is -90 + -1?
-91
In base 4, what is -2 + 0?
-2
In base 5, what is -2 + -10?
-12
In base 3, what is 1110 - -11120?
20000
In base 2, what is 110011 + -1111100?
-1001001
In